- 8. Give m(7).
-1
Let d(r) = r**2 - r + 7. Calculate d(0).
7
Let u(i) = 6*i**2 - i + 2. What is u(-2)?
28
Let c(y) = y**2 - y - 1. Give c(0).
-1
Let v(y) = y**3 - 8*y**2 + 9*y + 3. Determine v(7).
17
Let g(m) = -m**3 - 6*m**2 - 6*m - 11. Give g(-5).
-6
Let x(n) = -n**3 - 4*n**2 + 15*n + 19. What is x(-6)?
1
Let x(q) = -2*q**2 - 6*q + 4. What is x(-3)?
4
Let b(f) = -2*f**2 + 5*f + 27. Calculate b(5).
2
Let f(v) = -7*v + 20. Give f(6).
-22
Let a(z) = -10*z**3 + 8*z**2 + 8*z - 2. Give a(-1).
8
Let v(k) = k**2 - 8*k - 8. Give v(9).
1
Let f(d) = -73*d + 13. Give f(-2).
159
Let x(h) = -9*h**3 - 45*h**2 - h - 11. Calculate x(-5).
-6
Let d(v) = -v**3 - 13*v**2 - 20*v + 13. What is d(-11)?
-9
Let d(i) = i**3 - i**2 + 4. Determine d(4).
52
Let j(m) = m - 16. Calculate j(20).
4
Let o(m) = m**3 - 4*m**2 - 32*m + 17. Give o(8).
17
Let f(h) = h**3 - 7*h**2 - 33*h + 226. What is f(7)?
-5
Let b(s) = 30*s**3 - s + 1. Determine b(1).
30
Let x(f) = 2*f**2 - 3*f - 1. What is x(3)?
8
Let t(d) = -d**3 + 4*d**2 + 11*d - 13. Determine t(6).
-19
Let q(r) = -r - 24. Give q(-5).
-19
Let r(z) = 11*z + 10. What is r(-3)?
-23
Let r(g) = -g**2 + 5*g - 1. Determine r(5).
-1
Let b(c) = c**3 - 8*c**2 - 6*c + 26. Calculate b(8).
-22
Let k(d) = d**3 - 13*d**2 + 4*d - 9. Determine k(13).
43
Let r(b) = b - 5. Determine r(3).
-2
Let d(n) = n**2 - 4*n. Calculate d(0).
0
Let d(g) = g**3 + 7*g**2 + 23*g + 62. Give d(-5).
-3
Let y(j) = -j + 34. Calculate y(-15).
49
Let w(f) = -f - 4. What is w(-1)?
-3
Let k(n) = n**3 + 13*n**2 + 12*n - 10. Give k(-12).
-10
Let l(w) = -w + 2. Determine l(9).
-7
Let w(h) = h**3 - 4*h**2 - h - 5. Calculate w(4).
-9
Let d(t) = -t**2 + t + 29. Determine d(6).
-1
Let g(p) = -31*p + 119. Give g(4).
-5
Let m(l) = -7*l**2 + 6*l - 3. Calculate m(4).
-91
Let l(x) = x**3 + 25*x**2 + 20. Determine l(-25).
20
Let b(u) = u**3 - 2*u**2 + u - 4. Determine b(3).
8
Let o(w) = -w**3 - 8*w**2 + w + 59. Determine o(-7).
3
Let z(a) = a**2 - 4*a + 5. Calculate z(3).
2
Let x(s) = -2*s + 3. Determine x(-6).
15
Let f(b) = -2*b + 23. Determine f(21).
-19
Let m(c) = -26*c - 133. What is m(-5)?
-3
Let o(v) = 6*v + 38. Calculate o(-6).
2
Let m(j) = 19*j**2 + 3*j. Give m(-2).
70
Let h(j) = -j**3 + 12*j**2 - 11*j - 6. What is h(11)?
-6
Let n(z) = -z**2 + 12*z - 13. Determine n(11).
-2
Let i(l) = l - 12. Determine i(13).
1
Let p(o) = 3*o + 1. Give p(-5).
-14
Let w(v) = -17*v - 5. Determine w(-2).
29
Let t(g) = 27*g + 5. What is t(-3)?
-76
Let r(a) = 5*a + 27. What is r(-11)?
-28
Let b(a) = -18*a**2 - 2. Calculate b(1).
-20
Let n(j) = j**3 + 5*j**2 + 6*j + 5. What is n(-4)?
-3
Let z(j) = -15*j**2 - 1. What is z(-1)?
-16
Let i(d) = -d**3 - d**2 + 8. What is i(0)?
8
Let f(h) = h**3 - 7*h**2 + 7*h - 5. Give f(5).
-20
Let o(k) = k**2 + 10*k + 16. Calculate o(-7).
-5
Let u(v) = -v**3 + 14*v**2 + 16*v - 14. Calculate u(15).
1
Let h(r) = 11*r**2 - 4*r - 1. Calculate h(2).
35
Let i(u) = u**3 - 43*u**2 + 154*u + 70. Calculate i(39).
-8
Let c(b) = b**2 - 6*b - 92. What is c(14)?
20
Let s(k) = -k**3 - 9*k**2 - 22*k - 18. Calculate s(-7).
38
Let r(l) = -322*l - 316. What is r(-1)?
6
Let z(q) = q**2 + 60*q + 503. What is z(-10)?
3
Let a(c) = -5*c - 60. Determine a(-16).
20
Let c(i) = -i**3 + 7*i**2 - 5*i - 12. Determine c(6).
-6
Let t(b) = b**2 + b - 12. Determine t(0).
-12
Let g(r) = -31*r**2 + 3*r - 2. Calculate g(1).
-30
Let n(o) = 50*o**3 + 2*o - 2. Determine n(1).
50
Let v(x) = -15*x + 75. What is v(7)?
-30
Let q(k) = 2*k**3 - 23*k**2 - 11*k - 7. Calculate q(12).
5
Let l(w) = -w**2 - 34*w + 67. Give l(2).
-5
Let g(v) = 8*v - 7. Determine g(-9).
-79
Let z(w) = -w**3 - 3*w**2 - 3*w - 5. What is z(-2)?
-3
Let h(t) = t**3 - 11*t**2 + 2*t + 150. Calculate h(9).
6
Let s(k) = -5*k + 1. What is s(-2)?
11
Let f(h) = -7*h + 5. Give f(3).
-16
Let u(h) = -3*h - 93. Calculate u(-28).
-9
Let g(p) = -p**2 + 88*p - 570. Calculate g(7).
-3
Let p(r) = -r**3 + 7*r**2 - 5*r - 20. Give p(7).
-55
Let o(f) = 6*f**2 + 3*f + 3. Give o(-2).
21
Let h(t) = -4*t + 58. Give h(21).
-26
Let v(o) = o. Determine v(5).
5
Let d(s) = s**3 + 5*s**2 - 3*s + 2. Give d(-6).
-16
Let i(a) = -a**2 + 7*a + 12. Give i(-5).
-48
Let f(z) = -z**3 - 4*z**2 + 5*z - 4. What is f(-5)?
-4
Let m(v) = v**2 + 21*v + 39. What is m(-20)?
19
Let a(h) = 24*h + 2. Give a(-2).
-46
Let g(z) = 2*z**3 - 7*z**2 + 7. What is g(3)?
-2
Let v(p) = p**3 - 7*p**2 + 13*p - 9. Determine v(5).
6
Let b(d) = d**2 - 5. Determine b(0).
-5
Let y(i) = 50*i**2 + 7*i + 7. Determine y(-2).
193
Let a(i) = -5*i - 10. Determine a(2).
-20
Let v(h) = -8*h**3 + h**2 + h - 2. Determine v(2).
-60
Let f(h) = -4*h - 11. Determine f(-3).
1
Let s(t) = -2*t**3 - 4*t**2 - t + 2. What is s(-2)?
4
Let a(y) = -y**3 + 9*y**2 - 6*y - 20. Give a(8).
-4
Let i(v) = -v + 14. Give i(5).
9
Let x(s) = -s**3 - 11*s**2 + 12*s - 2. What is x(-12)?
-2
Let i(k) = k**2 + 2*k - 1. What is i(-3)?
2
Let g(m) = 4*m + 20. Determine g(0).
20
Let w(z) = -2*z**3 + z**2 + 7*z - 10. What is w(3)?
-34
Let q(l) = -2*l - 4. Give q(-5).
6
Let l(c) = -2*c**3 - 17*c**2 + 12*c + 10. What is l(-9)?
-17
Let a(m) = -m**3 - 7*m**2 - 2*m - 1. Give a(-5).
-41
Let r(j) = j**3 - 14*j**2 + 11*j - 20. What is r(13)?
-46
Let u(j) = -142*j + 275. What is u(2)?
-9
Let z(o) = 5*o**2 + 3*o - 4. Calculate z(3).
50
Let a(p) = p - 1. Calculate a(-3).
-4
Let q(c) = -9*c**2 + c - 1. What is q(1)?
-9
Let l(a) = -35*a**2 + 9*a + 7. Determine l(-1).
-37
Let d(w) = 10*w + 27. Determine d(-5).
-23
Let t(a) = -9*a - 9. Give t(-2).
9
Let p(u) = -u**2 + 10*u + 4. What is p(10)?
4
Let u(b) = b**3 - 8*b**2 + 10*b - 16. Calculate u(7).
5
Let n(h) = -h**2 + 15*h - 25. Calculate n(18).
-79
Let j(b) = b**2 - 16*b + 50. What is j(11)?
-5
Let i(h) = -3*h. Calculate i(2).
-6
Let a(r) = -r**3 + 5*r**2 - r - 5. Give a(4).
7
Let z(u) = -u**2 + 2*u + 2. What is z(6)?
-22
Let n(b) = -2*b**2 - 12*b - 1. Give n(-8).
-33
Let b(z) = 2*z**2 - 2*z - 4. Determine b(5).
36
Let b(w) = -w**2 - 8*w + 11. What is b(-10)?
-9
Let l(u) = u**2 + 3*u + 17. Calculate l(-4).
21
Let i(b) = b**2 + 11*b + 2. Give i(-3).
-22
Let c(t) = -t**2 - 22*t - 95. Determine c(-17).
-10
Let g(d) = -d**2 + 9*d + 1. Give g(7).
15
Let x(b) = b**2 - b - 7. What is x(4)?
5
Let o(r) = -8*r**3 + r. Determine o(1).
-7
Let s(j) = 60*j - 41. What is s(2)?
79
Let i(h) = h**3 - 7*h + 4. Determine i(5).
94
Let o(i) = i**3 + 8*i**2 - 6*i + 23. Calculate o(-9).
-4
Let b(v) = v**2 - 3*v - 36. What is b(9)?
18
Let l(r) = -159*r + 3. Give l(1).
-156
Let u(m) = -m**2 - 8*m - 3. Give u(-5).
12
Let j(d) = 3*d - 5. Determine j(2).
1
Let b(t) = 3*t + 3. What is b(-6)?
-15
Let h(f) = 16*f + 116. Give h(-9).
-28
Let q(c) = -48*c + 94. Give q(2).
-2
Let i(b) = -29*b - 121. Determine i(-4).
-5
Let g(h) = h - 3. What is g(-9)?
-12
Let q(s) = -14*s - 342. Give q(-24).
-6
Let n(q) = q + 9. Give n(-15).
-6
Let d(n) = n**3 - 4*n**2 - 2*n - 11. What is d(4)?
-19
Let i(u) = 35*u + 290. Give i(-8).
10
Let o(t) = -12*t - 131. What is o(-12)?
13
Let r(y) = -16*y + 307. Calculate r(19).
3
Let d(t) = -t**3 + 3*t**2 + 4*t. What is d(4)?
0
Let z(s) = 2*s - 2. Calculate z(24).
46
Let a(v) = v + 9. Determine a(-14).
-5
Let t(l) = l**2 + 95*l - 1052. Determine t(10).
-2
Let j(p) = -p**2 - 7*p + 34. What is j(-11)?
-10
Let u(j) = -5*j + 125. Give u(13).
60
Let s(u) = -u**2 - 10*u - 15. Calculate s(-9).
-6
Let t(b) = b**3 - 7*b**2 + b - 6. Determine t(7).
1
Let m(r) = r**2 + r - 1. Give m(-5).
19
Let c(g) = 50*g + 247. Determine c(-5).
-3
Let a(c) = -c**2 + 11*c + 15. Determine a(12).
3
Let q(d) = -2*d**3 + 18*d**2 + 20*d - 7. Determine q(10).
-7
Let c(v) = -v**3 - 23*v**2 - 23*v - 29. What is c(-22)?
-7
Let z(h) = -h**3 + 8*h**2 - 9*h + 7. Calculate z(7).
-7
Let r(v) = -3*v + 15. Determine r(-6).
33
Let w(q) = -7*q - 2. Calculate w(7).
-51
Let r(u) = 60*u - 172. Give r(3).
8
Let x(t) = t**2 + 11*t + 7. Give x(-11).
7
Let x(m) = -m**2 + 9*m + 5. Calculate x(11).
-17
Let v(g) = -96*g - 567. What is v(-6)?
9
Let p(z) = -z**3 - 2*z**2 + 2*z + 12. What is p(-6)?
144
Let j(x) = 56*x**2 + 2*x - 4. Give j(1).
54
Let w(i) = i**2 - 15*i + 23. Calculate w(13).
-3
Let t(p) = -p**2 + 26*p - 41. Determine t(25).
-16
Let n(t) = -2*t**2 + 4*t + 1. Give n(4).
-15
Let l(j) = 35*j - 654. Calculate l(19).
11
Let t(i) = 4*i**2 + 16*i + 19. Determine t(-2).
3
